se -5*l = -v + q, -l - 4 = -0. Let d(y) = -y**2 - 8*y - 8. What are the prime factors of d(v)?
2
Let z = 1373 + -753. List the prime factors of z.
2, 5, 31
Suppose 4*j + 12 = 0, 482 - 10 = 5*u - 4*j. Suppose z = -3*z - u. Let f = z + 43. List the prime factors of f.
2, 5
Suppose 60 - 20 = 4*r. Suppose -4*z + r*z = 456. List the prime factors of z.
2, 19
Suppose 26*c = 22*c - 68. List the prime factors of (c + (-3 + 3 - 0))*-10.
2, 5, 17
Let g(v) be the first derivative of 0*v + 1/3*v**3 + 3 + 3/2*v**2. What are the prime factors of g(-5)?
2, 5
Let t = -5975 + 9949. What are the prime factors of t?
2, 1987
Suppose -36 = -3*l - 5*x, -4*l + 22 = -x - 26. Suppose 0 = -9*h + l*h - 105. What are the prime factors of h?
5, 7
Let t = -393 + 726. What are the prime factors of t?
3, 37
Let i(l) = 301*l**3 + 3*l**2 + 3*l - 1. Let d(q) = -301*q**3 - 4*q**2 - 3*q + 1. Let p(v) = 4*d(v) + 5*i(v). List the prime factors of p(1).
2, 151
Suppose 0*b = 5*b - 5. Let l = b + -1. List the prime factors of 2 + l/(3 - 2).
2
Let h be 1/2*(3 - 15). Let q(l) = -25*l**2 - 10*l - 7. Let k be q(h). List the prime factors of (k/(-33))/(1/3).
7, 11
Let b = 4856 - 3451. List the prime factors of b.
5, 281
Let y = 3 + -3. Let w be 5 - 0/4 - y. Suppose 0 = 2*z - 6 + 16, -d + 37 = -w*z. What are the prime factors of d?
2, 3
Suppose 4*l = 5*f - 20, 7*l + 20 = 3*l - f. What are the prime factors of (l - -7) + 96 + 0?
2, 7
Let p(m) = 243*m - 250. List the prime factors of p(13).
2909
Let m be (-2)/7 + (-79)/(-7). Suppose m*g = 13*g - 4. Suppose 19 + 1 = g*z. What are the prime factors of z?
2, 5
Suppose 0 = -2*i + 2*k + 10, -i = -8*k + 3*k - 9. Suppose -2*n = -i*f - 4, -2*f = f. Suppose -n*z + 31 = -11. List the prime factors of z.
3, 7
Suppose -3*f = 3*m - 13080, 2*m + 13075 = -65*f + 68*f. List the prime factors of f.
3, 1453
Suppose -18*m + 68448 = 28*m. What are the prime factors of m?
2, 3, 31
List the prime factors of 381294/126 + (5 - 2)/(-21).
2, 17, 89
Suppose 0 = -3*b + 2*b - 24. Let n = -11 - b. List the prime factors of n.
13
Suppose 5 = 3*b - 4*c, -5*c - 2 = b - 10. Let d(g) = g**2 + 8*g + 21. Let k be d(-11). Suppose 0 = 5*s - b*s - k. List the prime factors of s.
3
Suppose 10 = -8*p + 10*p. Let h be (12/5)/((-1)/p). Let r(y) = -y**2 - 16*y + 14. What are the prime factors of r(h)?
2, 31
Let z(w) be the third derivative of -w**7/5040 + w**6/360 + 11*w**5/60 - 6*w**2. Let u(c) be the third derivative of z(c). What are the prime factors of u(-14)?
2
Suppose -19*z = -11*z - 13024. What are the prime factors of z?
2, 11, 37
Let x be 4/(8/6) + 3. Let g(z) = z**3 - 3*z**2 - 3*z - 8. Let k be g(x). Let h = k + -48. What are the prime factors of h?
2, 17
Suppose 4*q + 5*k = 268, 0 = -3*q - 4*k - k + 206. Let z = 142 - q. What are the prime factors of z?
2, 5
Suppose 4 = -s + 35. Let q = -26 - -23. Let a = s + q. List the prime factors of a.
2, 7
Let w = 23 + -27. Let j be (w/8 - -1)*26. What are the prime factors of (1/3)/(j/117)?
3
Let c(o) = -o - 3. Let s be c(-7). Suppose s*n - 42 = n. What are the prime factors of -1*n*(-17 - -12)?
2, 5, 7
Let s = 1374 + 1297. List the prime factors of s.
2671
Let b(q) = -32*q + 241. What are the prime factors of b(-18)?
19, 43
Let g(m) = 4*m + 2. Suppose c - 35 = -0*u - 2*u, 0 = -2*c + 6. Let t = -7 + u. What are the prime factors of g(t)?
2, 19
Let a = -58 + 359. What are the prime factors of a?
7, 43
List the prime factors of 10400/8 + 3 - 5.
2, 11, 59
Let s = 1889 - -559. List the prime factors of s.
2, 3, 17
Let t(a) = 10*a + 16. Let x(k) = -4*k - 1. Let p(c) = -t(c) - 2*x(c). Suppose 0*b - 4*g = -3*b - 35, -3*b - 5*g = 44. What are the prime factors of p(b)?
2, 3
Let a(u) be the second derivative of -u**4/12 - 13*u**3/6 + 7*u**2/2 - 11*u. Let q = 9 + -22. List the prime factors of a(q).
7
Suppose -36*s + 53616 = -20*s. List the prime factors of s.
3, 1117
Suppose 1 - 31 = -5*z. Let j(i) = -i**3 - 5*i**2 + 5*i - 2. Let r be j(-6). Suppose z*m = r*m + 12. What are the prime factors of m?
2, 3
Suppose 30 = -11*s + 21*s. What are the prime factors of s?
3
Suppose -260 = 9*r - 8*r - 3*i, 2*i - 1300 = 5*r. Let j = -173 - r. List the prime factors of j.
3, 29
Let x(g) be the second derivative of 49*g**3/2 - g**2/2 - 20*g. List the prime factors of x(1).
2, 73
Let p(d) = -d**2 - d + 11. Let o(y) = -5. Let m(k) = -5*o(k) - 3*p(k). List the prime factors of m(8).
2, 13
What are the prime factors of 3*2/(-21) + 21642/42?
5, 103
Let n = 13 + 28. Let a = 114 + n. What are the prime factors of a?
5, 31
Suppose -2*k = 3*k + 10. Let g(w) = -23*w - 3. What are the prime factors of g(k)?
43
Let y be (7 - 2 - 3)*-1. Let j be (-1 + y)*12/18. Let x = j - -4. List the prime factors of x.
2
Let x = 2048 + -123. List the prime factors of x.
5, 7, 11
Let y(o) = 5*o - 11. Let m(z) = -4*z + 11. Let b(a) = 4*m(a) + 3*y(a). Let n be b(8). Suppose 0 = n*w - 0*w - 132. List the prime factors of w.
2, 11
Let j(y) = 66*y**2 + 10*y + 19. Let b be j(-4). Suppose -b = -5*l - 110. What are the prime factors of l?
5, 37
Suppose 17*q - 12*q = 15. Suppose -a + 2*f = -75, -2*f = -8*a + q*a + 343. List the prime factors of a.
67
Let t be (2 + 78/(-4))*8/(-5). Suppose -x = -2*z + 84, z = -3*x - 0*x + t. What are the prime factors of z?
2, 5
Let l = 839 - -796. List the prime factors of l.
3, 5, 109
Let h = -1175 - -2013. What are the prime factors of h?
2, 419
Suppose 2*x = -o - 19, 7 = -o - 0*o + x. What are the prime factors of 0 + (2 + -1 - (o - 173))?
5, 37
Let m(n) = -n**3 + 9*n**2 - 15*n + 6. Let w be m(7). List the prime factors of 3012/48 + w/(-4).
3, 7
Let z = 8 - 8. Let f be z + 1 + 0/2. What are the prime factors of -1 - 75/(-2 - f)?
2, 3
Suppose -5*y + 4*y + 960 = 5*l, 4*y - 576 = -3*l. Suppose 3*t + l = -102. What are the prime factors of t/(-8) - 7/28?
2, 3
Let l(a) = -a**2 + 3*a. Let v be l(3). Suppose -3*o + 10 - 13 = v. What are the prime factors of (o - 0)/(5/(-145))?
29
Let f = 3599 + 1863. List the prime factors of f.
2, 2731
Let l(c) = c**3 - 11*c**2 - 18*c + 18. Let g be l(12). List the prime factors of (66/g - -1) + (-2486)/(-9).
2, 3, 23
Let x(r) = r**3 - 7*r**2 - r + 7. What are the prime factors of x(9)?
2, 5
Let y(p) = 7*p - 7. Let c be y(11). Let x = -48 + c. What are the prime factors of x?
2, 11
What are the prime factors of (-122)/(-549) - (-4678)/9?
2, 5, 13
Let b(s) = -58*s**2 - s + 1. Let c be b(-1). Let u be c/(-2) + -1 + -2. Suppose 3*l - 44 = -5*r, -4*l = 5*r - 37 - u. What are the prime factors of l?
2, 3
Suppose 3*n - n - 10 = 0. Suppose 0 = y - 1, 0 = -n*x - 2*y + y + 371. Suppose x = 4*l - 3*w, -2*w = -3*l + 2*w + 59. What are the prime factors of l?
17
What are the prime factors of (-24)/32 - (-75390)/40?
2, 3, 157
Suppose 4*r - x - 13 = 0, -5*r + 58 - 38 = -2*x. Suppose -3*q - 4*b - 8 = 0, 0 = 2*q + 5*b - 6 + 23. Suppose -u = -q - r. What are the prime factors of u?
2, 3
Suppose 0 = -6*w - 4363 + 18409. List the prime factors of w.
2341
Suppose -2*i + 8621 = -5*w - 1729, -5*i + 25875 = -4*w. List the prime factors of i.
3, 5, 23
What are the prime factors of (854 + -24)*(-224)/(-35)?
2, 83
Suppose -421 = -3*y - i - 51, 3*i = -2*y + 256. What are the prime factors of y?
2, 61
Let h(v) = -316*v - 372. What are the prime factors of h(-7)?
2, 5, 23
Suppose -4*v - 3 = 5. Let b be v/(-3) + 52/(-6). Let z = 30 + b. What are the prime factors of z?
2, 11
Suppose 2*v = 2*z + 3*v + 82, 172 = -4*z + 2*v. Let g = 78 + z. Suppose 107 = 4*f + o, -3*o = f + 1 - g. What are the prime factors of f?
2, 13
What are the prime factors of (-6 - -293 - (-1 + 3))*9?
3, 5, 19
Let w(j) = -23*j - 87. What are the prime factors of w(-14)?
5, 47
List the prime factors of (-16 - (-18234)/(-24))/(1/(-4)).
29, 107
Suppose 3*j - 2219 = -2*o - 771, j - 466 = -4*o. List the prime factors of j.
2, 3
List the prime factors of 2074*7*(-7)/(-98).
17, 61
Suppose 5*y - 2188 = -4*f, 3*f + 1302 = -4*y + 7*y. List the prime factors of y.
2, 109
Let f = -2022 + 2878. What are the prime factors of f?
2, 107
Suppose -4*u = s - 16, 5*s + 5*u - 35 = -0*u. Suppose t - 2*x = 145, 3*t - 223 = s*x + 202. What are the prime factors of t?
3, 5
List the prime factors of -4*(2/16 - (-2123)/(-88)).
2, 3
What are the prime factors of 5736/18*(-15)/(-10)?
2, 239
Let q be (-13)/(-65) + 